-11a4
In base 2, what is -110101 + 101?
-110000
In base 4, what is 102013 + 2?
102021
In base 9, what is 5 - -1?
6
In base 8, what is 3 - -137?
142
In base 3, what is -1112011 - -1?
-1112010
In base 15, what is 18 - -7?
20
In base 15, what is 1 - 1?
0
In base 3, what is -21021 - 200?
-21221
In base 4, what is -200132 - 3?
-200201
In base 15, what is 1d + 6?
24
In base 7, what is 15262 + 3?
15265
In base 5, what is 12 + 142?
204
In base 15, what is 6 + -190?
-189
In base 12, what is -8 - -9?
1
In base 6, what is -342 + -4?
-350
In base 5, what is 13132 - -3?
13140
In base 2, what is -1110001 - 10?
-1110011
In base 10, what is -26 - -13?
-13
In base 10, what is 5 + 27?
32
In base 4, what is -2230 + 1?
-2223
In base 15, what is 3 - 32?
-2e
In base 6, what is 30 + 1?
31
In base 6, what is -3 + -21?
-24
In base 12, what is 788 - -3?
78b
In base 13, what is -4 + -a2?
-a6
In base 4, what is 20 - 31?
-11
In base 5, what is 10 - 122?
-112
In base 6, what is 2 - 102?
-100
In base 12, what is -21 + 4?
-19
In base 12, what is -4 - 39?
-41
In base 15, what is -10 + -2?
-12
In base 15, what is 3 - 333?
-330
In base 9, what is -7 - -54?
46
In base 2, what is -11001111000 - 101?
-11001111101
In base 6, what is -20 - 25?
-45
In base 14, what is 1 - -57?
58
In base 13, what is -a59 + -4?
-a60
In base 10, what is 2 + -490?
-488
In base 11, what is 2 + 27?
29
In base 9, what is -108 - -6?
-102
In base 13, what is 84 + 5?
89
In base 7, what is -3 + 432?
426
In base 16, what is 5 + 85a?
85f
In base 13, what is 1 - 89?
-88
In base 14, what is -b + 6?
-5
In base 12, what is -4 - 16?
-1a
In base 15, what is -2 + 12?
10
In base 4, what is -1 + 2030?
2023
In base 16, what is -52 + -42?
-94
In base 4, what is -212 + -100?
-312
In base 4, what is 13113 - -11?
13130
In base 3, what is -102121 + -2101?
-111222
In base 15, what is -2a - 87?
-b2
In base 11, what is 32 + -10?
22
In base 5, what is 1403 - -1?
1404
In base 9, what is 141 + 2?
143
In base 15, what is 4 - 35?
-31
In base 12, what is -27 + 18?
-b
In base 7, what is 0 - -63?
63
In base 3, what is -1120 - 1?
-1121
In base 9, what is -5 + -61?
-66
In base 10, what is -2 - -4714?
4712
In base 11, what is 1a06 + -7?
19aa
In base 5, what is 143 + -424?
-231
In base 3, what is 10 + -100?
-20
In base 6, what is -522010 + 5?
-522001
In base 15, what is a - -3?
d
In base 14, what is 194 + 3?
197
In base 16, what is 7ab - 4?
7a7
In base 4, what is 2200 + 130?
2330
In base 3, what is 2 - 200122?
-200120
In base 11, what is 14 - -88?
a1
In base 7, what is 10 - 4404?
-4364
In base 5, what is -20 + 10?
-10
In base 7, what is -2 - -2623?
2621
In base 11, what is 4 - -2461?
2465
In base 11, what is 206 + 1a?
225
In base 3, what is -120 - -1?
-112
In base 5, what is -221 - 23?
-244
In base 6, what is 103 + 0?
103
In base 5, what is -2 + 1030?
1023
In base 14, what is 647 + -4?
643
In base 16, what is -1 + -88?
-89
In base 3, what is 21000 + 100?
21100
In base 9, what is 2 - 20?
-17
In base 12, what is -2b8 - -2?
-2b6
In base 3, what is 101 - -2000?
2101
In base 5, what is 10 + 11430?
11440
In base 14, what is -7 - 2c?
-35
In base 15, what is 504e - -4?
5053
In base 7, what is -502 - 2?
-504
In base 6, what is -3 - -2350?
2343
In base 2, what is -1101011 - 11110?
-10001001
In base 10, what is -5 + 324?
319
In base 12, what is 95 + 11?
a6
In base 13, what is -95 - -3?
-92
In base 14, what is -1 - -16?
15
In base 9, what is -45 - -204?
148
In base 9, what is -6 + 282?
275
In base 7, what is -2110 - -5?
-2102
In base 12, what is 1 - 76?
-75
In base 6, what is 3102 + -4?
3054
In base 5, what is -10 + -211?
-221
In base 2, what is 111001010010 + -10?
111001010000
In base 11, what is 654 + -3?
651
In base 12, what is 4 - -769?
771
In base 3, what is 100 + -120?
-20
In base 6, what is 3502 + 10?
3512
In base 3, what is -12121 + 1?
-12120
In base 14, what is -5 + -170?
-175
In base 13, what is -1a + 3?
-17
In base 13, what is -4 + -1?
-5
In base 7, what is -104 - 0?
-104
In base 9, what is 4 - -26?
31
In base 8, what is -2162 + -6?
-2170
In base 4, what is -1 + -1232?
-1233
In base 14, what is 12 + -3c4?
-3b2
In base 6, what is 4 - -3013?
3021
In base 10, what is 4 - -184?
188
In base 2, what is 11001110 + 10?
11010000
In base 8, what is -14 - 0?
-14
In base 10, what is 89 + 1?
90
In base 6, what is 100240 - -2?
100242
In base 14, what is -b57 + 4?
-b53
In base 14, what is -9a - 15?
-b1
In base 4, what is 3013 + 110?
3123
In base 12, what is -5 + 2a3?
29a
In base 12, what is -6 - 18?
-22
In base 13, what is 2 + -54?
-52
In base 14, what is 16 - -1?
17
In base 4, what is -10 + 11022?
11012
In base 16, what is -535 + -1?
-536
In base 6, what is -4 + 3151?
3143
In base 13, what is -5b - 3?
-61
In base 2, what is 1000001101010 + 10?
1000001101100
In base 14, what is 146 - 8?
13c
In base 7, what is 21541 - -4?
21545
In base 15, what is -1 + 24?
23
In base 6, what is 44 - 121?
-33
In base 9, what is -716 + -13?
-730
In base 4, what is -112 - 120?
-232
In base 14, what is -7 - -5c?
55
In base 13, what is -15 - -414?
3cc
In base 12, what is 60 + 18?
78
In base 5, what is 20222 - -21?
20243
In base 16, what is 16 - -5?
1b
In base 15, what is -d - -13?
5
In base 7, what is -11301 + -1?
-11302
In base 10, what is 59 + 2?
61
In base 6, what is -34 + -244?
-322
In base 12, what is 2456 + 4?
245a
In base 4, what is -1 - 221?
-222
In base 16, what is -4 - 698?
-69c
In base 10, what is 1317 + -4?
1313
In base 10, what is 5 + 311?
316
In base 9, what is 4 - 118?
-114
In base 13, what is -1c6 - -1?
-1c5
In base 3, what is 1 - 1001112?
-1001111
In base 14, what is 6 + 3c?
44
In base 14, what is -18 - -8?
-10
In base 16, what is 232e + -5?
2329
In base 9, what is 201 - -3?
204
In base 9, what is -2 + -2856?
-2858
In base 10, what is -1 + 88?
87
In base 9, what is 13 - -12?
25
In base 13, what is -116 + 6?
-110
In base 13, what is -4 - 118?
-11c
In base 2, what is 10010 - 10011101?
-10001011
In base 5, what is 43 + 0?
43
In base 10, what is -140 - 5?
-145
In base 5, what is -11 + 30342?
30331
In base 16, what is 2 - -18e?
190
In base 16, what is -1037 - -4?
-1033
In base 7, what is -65 + 4?
-61
In base 10, what is -1038 + 5?
-1033
In base 12, what is -1662 - 5?
-1667
In base 5, what is 20 - -2113?
2133
In base 11, what is -5 - 1144?
-1149
In base 6, what is 3 + -12544?
-12541
In base 14, what is baa - 2?
ba8
In base 13, what is -5 + -49?
-51
In base 15, what is 640 - -15?
655
In base 13, what is 755 - 0?
755
In base 15, what is -b - -15?
9
In base 9, what is 28 - 525?
-486
In base 10, what is -19 + -30?
-49
In base 6, what is 5232 - 3?
5225
In base 2, what is -1110110000 + -1011?
-1110111011
In base 14, what is 729 + -c?
71b
In base 9, what is -48 + -1?
-50
In base 3, what is -1020001111 + 10?
-1020001101
In base 7, what is -3 + 344?
341
In base 3, what is -10 - 221220?
-222000
In base 4, what is -213213 + -12?
-213231
In base 8, what is 46 + -12?
34
In base 13, what is -3 + 603?
600
In base 5, what is -4403 - -2?
-4401
In base 3, what is -20 + 11021110?
11021020
In base 16, what is 5 - 17?
-12
In base 16, what is 38 - 4?
34
In base 14, what is -4 + -a4?
-a8
In base 5, what is -100 - -10?
-40
In base 2, what is -10011 - 110?
-11001
In base 7, what is 2363 + -22?
2341
In base 5, what is 1430 - 104?
1321
In base 6, what is -3 + -125?
-132
In base 13, what is -7 - 53?
-5a
In base 14, what is 18 + 15?
2d
In base 14, what is 2 - a5d?
-a5b
In base 6, what is 12 + 54?
110
In base 9, what is -165 - 4?
-170
In base 15, what is -da - -a?
-d0
In base 3, what is 222200 - 21?
222102
In base 4, what is 301010 - 1?
301003
In base 10, what is 8450 - -5?
8455
In base 11, what is -2 + -1a?
-21
In base 9, what is -3 + 534?
531
In base 6, what is -21 - 53?
-114
In base 9, what is -6 - 21?
-27
In base 8, what is 163 - -2?
165
In base 15, what is -1 + -976?
-977
In base 12, what is 413 + 2?
415
In base 3, what is -12 + -2121001?
-2121020
In base 4, what is 1023 - -3?
1032
In base 3, what is 200 + -2010?
-1110
In base 15, what is -5 + 307?
302
In base 11, what is -4 - -75?
71
In base 5, what is 4 - 143?
-134
In base 11, what is 4 - -137?
140
In base 14, what is -3 - 101?
-104
In base 8, what is -27 + -10?
-37
In base 4, what is 1021 - 20?
1001
In base 2, what is -1 - -1000011010?